i + 64. Let f = -13 + i. Let u be 3/(-6)*2 - -78. What is the greatest common divisor of f and u?
7
Let s = -13 - -23. Suppose -t - 4 - 1 = -m, t - s = -4*m. Suppose 3*d = -m*y + 66, 0 = -y - 4 + 2. Calculate the highest common factor of 8 and d.
8
Let g be (-6)/30 - ((-1811)/5 - -5). What is the highest common divisor of g and 49?
7
Let q(j) = -520*j + 780. Let d be q(-7). Calculate the highest common divisor of 17 and d.
17
Let o be 5*(-8)/(-60) - (-10)/(-6). Let v be (0 - 484)/(-2) - o. Calculate the greatest common factor of 27 and v.
27
Let m be (2/8)/((-5)/(-20)) + 139. Calculate the highest common divisor of 100 and m.
20
Let k be 0 + (-814)/(-6) - (-84)/(-126). Let o = 5 - -10. What is the highest common divisor of o and k?
15
Let i = 97 + -55. Suppose -2*c + 5*c = 15, -4*v - c = -5. Suppose i = 6*a - v*a. Calculate the highest common factor of 63 and a.
7
Suppose -52*k = -51*k + 3*p, 5*k - 2*p = 17. What is the greatest common factor of 147 and k?
3
Let c = 1815 - 982. Calculate the greatest common factor of 49 and c.
49
Let o(m) = m**2 + 18*m - 526. Let j be o(16). Calculate the greatest common factor of 34 and j.
2
Suppose -5*s = -4*s - 9. Suppose 4*n + 305 = d + s*n, -n + 285 = d. Suppose -x + d = 4*x. What is the highest common divisor of 7 and x?
7
Suppose 0 = 4*w - 3*w - 4. Suppose -u - w = -10. Let h be 90*((-13)/(-5) - (-9 - -11)). Calculate the highest common divisor of h and u.
6
Suppose -2*u - 17 = -147. Let j be 56/24 + (-6)/(-9). Suppose 5*y - 4*y - 129 = -5*z, j*z = 5*y + 83. Calculate the greatest common divisor of u and z.
13
Suppose q - 3*q = -2*m - 3322, 5*q - 3*m - 8305 = 0. Calculate the greatest common divisor of q and 11.
11
Let v = -303 + 439. Calculate the greatest common factor of 17 and v.
17
Let r be (-3)/(-6) - 43/(-2). Let j be ((-77)/(-21))/(-11)*(6/2 + -9). Calculate the highest common divisor of j and r.
2
Let v = -206 + 332. What is the highest common divisor of v and 234?
18
Let d = -484 + 584. Let b be (5 + 3)*5/4. Calculate the highest common factor of d and b.
10
Suppose 5*t - 6*t = -28. Let b = -22 + t. What is the highest common factor of 3 and b?
3
Let y be 4*1*10/8. Let s(f) = -f**2 - 6*f + 12. Let p be s(4). Let n be (p/6 - -4)*-15. What is the greatest common divisor of y and n?
5
Suppose -220 = 16*i - 1948. What is the highest common divisor of 90 and i?
18
Suppose 5*j = 4*m + 721, -5*j + 3*m = 7*m - 689. Calculate the highest common factor of 2256 and j.
141
Let x be 5*(12/(-40))/(9/732). Let w = -86 - x. What is the highest common factor of w and 36?
36
Let a be 18/12*(-3900)/(-18). Calculate the greatest common factor of a and 13.
13
Let k be 4/(-18) - 202/(-18). Suppose -2*n + 32 + 34 = 0. Suppose q = -2*q + n. Calculate the greatest common divisor of q and k.
11
Suppose -1 + 35 = -f. Let j be (-1)/3 + (f/(-3) - 2). Calculate the greatest common divisor of j and 72.
9
Let m(r) = -24*r - 167. Let a be m(-8). Calculate the highest common factor of 25 and a.
25
Let d(w) = 5*w - 2. Let r be d(2). Let c(n) = 2*n**2 + 8*n - 10. Let l be c(-5). Let q be (11/2 + -2)*(16 - l). What is the greatest common divisor of r and q?
8
Let k = -389 + 401. What is the highest common divisor of 42 and k?
6
Let a be (-17)/3 - 7/21. Let q(z) = -3*z - 9. Let l be q(a). Suppose l = 3*v - 24. What is the greatest common divisor of v and 1?
1
Suppose -y - 6*m + 2*m = -7, -y = -5*m - 7. Suppose -y*c + 8*c = 37. Suppose -87 = -5*x - c. What is the highest common divisor of x and 70?
10
Suppose -15*b = -84 - 51. Suppose -b*q = -189 - 63. What is the greatest common divisor of 84 and q?
28
Let y = -127 - -95. Suppose 5*c - 20 = 0, -5*k = 3*c - 2*c + 231. Let j = y - k. What is the highest common factor of j and 60?
15
Let m(i) = i**2 + 4*i - 21. Let o be m(-11). Let y = 71 - o. Let j = -90 - -195. Calculate the greatest common factor of y and j.
15
Let i = 505 - 247. Calculate the greatest common divisor of i and 6.
6
Let s be (-18)/45 + 4/10. Suppose s = -10*u + 971 - 21. What is the greatest common divisor of u and 19?
19
Let v(m) = -2*m**2 - 71*m + 41. Let k be v(-30). Calculate the highest common divisor of 106 and k.
53
Let y be ((-4)/(-3))/(3/(-99)). Let x = 23 + y. Let i = x - -37. Calculate the greatest common divisor of i and 160.
16
Let z = 122 + -96. Let i = 1 + 2. Let g be (z/i)/(10/15). What is the greatest common factor of g and 117?
13
Suppose i - 139 = 5*x, 4*i - 14*x = -9*x + 631. What is the greatest common factor of 12 and i?
4
Suppose 5*j - 2 = 5*y + 18, 0 = -3*y + 5*j - 8. Let m = 9 - y. Let h = m + -8. Calculate the highest common divisor of 7 and h.
7
Let f be 4/20 + 119/5. Let n = f + -18. Calculate the highest common factor of 30 and n.
6
Suppose 10 = 2*p + 8. What is the greatest common divisor of p and 31?
1
Let o be (-158)/(-7) + 48/112. Let k = -20 + o. What is the highest common divisor of 6 and k?
3
Let m = -29 - -36. Suppose 6*o = m + 17. What is the greatest common factor of 2 and o?
2
Let a be 1 - (-207)/11 - (-4)/22. What is the greatest common divisor of a and 20?
20
Let v(y) = 2*y**2 + y + 41. Let p be v(-10). Suppose 2*o - 13 = a, -a + 0 = o + 1. Let z be (-28)/2*(-6)/o. What is the greatest common factor of p and z?
21
Let l(h) = h**2 - 11*h - 30. Let y be l(13). Let r(g) = g + 20. Let u be r(y). Calculate the highest common divisor of u and 12.
4
Let u(f) = 3*f**2 + 2. Let l be u(-4). Let b = 94 + -44. Suppose 0 = -5*z + 3*z + b. What is the highest common factor of z and l?
25
Let h(f) = f**2 - 3*f + 3. Let x be h(6). Suppose 0*y - y = -x. Let j be -259*8/(-14) + 1/(-1). Calculate the highest common divisor of y and j.
21
Suppose 2*x - 12 = 5*x, 0 = 5*o - x - 44. Let m be 96/3 + o/(-4). Calculate the highest common divisor of m and 270.
30
Suppose -72 = 2*b - 4*b - 4*n, -3*b - n = -128. What is the greatest common factor of 4 and b?
4
Suppose 0 = 3*t - 869 - 91. What is the highest common factor of t and 128?
64
Let g(s) = 9*s**3 - 10*s**2 + 8*s - 21. Let f be g(6). What is the greatest common factor of f and 18?
9
Let z(f) = -31*f**3 - 3*f**2 - 3*f - 2. Let l be z(-2). What is the highest common factor of l and 192?
48
Suppose t + t = 0. Suppose t*j = 2*j - 14. Let x = j - 3. What is the highest common divisor of 16 and x?
4
Let x be (2/4)/((-3)/66). Let j(q) = -q**3 - 12*q**2 - 15*q - 12. Let w be j(x). Calculate the greatest common factor of w and 128.
32
Suppose 3*g + 37 - 181 = 0. Calculate the highest common factor of g and 120.
24
Let i(s) = 4*s - 8. Let a be i(15). Suppose 8 = -2*q + 4*q. Suppose x = -q*d + 49, -6*x + 2*x = 12. What is the greatest common divisor of a and d?
13
Let m be -5 + 69*(-24)/(-18). Let x = 131 - m. Calculate the highest common factor of 176 and x.
44
Let i(m) = m**3 - 40*m + 36. Let o be i(8). Calculate the greatest common divisor of 132 and o.
12
Let f = -19 + 29. Suppose -45 + 15 = -5*g + 4*a, -3*g + 4*a + f = 0. What is the highest common factor of g and 90?
10
Let v(j) = j - 8 + 3*j + j**2 + 2*j. Let r(o) = 2*o + 4. Let w be r(-6). Let k be v(w). What is the greatest common divisor of 2 and k?
2
Let v be 99*(8 + 198/(-27)). What is the highest common divisor of 825 and v?
33
Suppose -2*d - 2*d + 72 = 0. Let o be 139 - 10/((-2 - 4)/3). Calculate the highest common factor of o and d.
18
Suppose 788*n + 1470 = 802*n. Suppose h - 75 = -4*h. Calculate the greatest common divisor of h and n.
15
Let h be 27 + (-2 - -2) + 1. Suppose -44*k + 1376 = -3552. What is the greatest common divisor of h and k?
28
Let w be ((-5)/2)/((-3)/6). Suppose -s - 24 = -5*s - w*y, -5*y = 5*s - 25. Let a be ((-77)/(-22))/(1/2). Calculate the highest common factor of a and s.
1
Let h(y) = -y**3 + 6*y**2 + 8*y + 6. Let c be h(7). Let l = -173 + 251. Calculate the highest common factor of c and l.
13
Let t(b) = 10*b**2 - 3*b + 3. Let f(c) = 2*c + 5. Let o be f(-2). Let k be t(o). Calculate the greatest common factor of 40 and k.
10
Suppose -p + 47 + 67 = 0. What is the greatest common factor of p and 152?
38
Suppose -2*z - 170 = -4*z. Suppose 0 = -s + 2*y + 17, -38*y = -34*y. What is the highest common factor of z and s?
17
Let w be ((-62)/10)/((-5)/25). Suppose 4*m - 178 + 54 = 0. What is the highest common factor of m and w?
31
Let a be (2/3*-27)/((-2)/4). Calculat